
73
Calculate the remainder when 11137 is divided by 11089.
48
What is the remainder when 77315 is divided by 40?
35
What is the remainder when 715631 is divided by 17454?
17
Calculate the remainder when 7433493 is divided by 392.
389
What is the remainder when 9886 is divided by 1001?
877
Calculate the remainder when 14169 is divided by 3305.
949
Calculate the remainder when 136122 is divided by 55.
52
What is the remainder when 7062 is divided by 2319?
105
What is the remainder when 8501 is divided by 8469?
32
Calculate the remainder when 31754 is divided by 464.
202
What is the remainder when 147066 is divided by 73506?
54
Calculate the remainder when 177271 is divided by 157.
18
Calculate the remainder when 3162 is divided by 693.
390
What is the remainder when 1913 is divided by 48?
41
Calculate the remainder when 5288 is divided by 2630.
28
Calculate the remainder when 23374 is divided by 838.
748
What is the remainder when 1765 is divided by 283?
67
What is the remainder when 36393 is divided by 4549?
1
What is the remainder when 1054 is divided by 331?
61
Calculate the remainder when 34066 is divided by 33925.
141
Calculate the remainder when 105292 is divided by 29.
22
What is the remainder when 1967 is divided by 1950?
17
Calculate the remainder when 7498 is divided by 284.
114
What is the remainder when 9369 is divided by 551?
2
Calculate the remainder when 6754 is divided by 2231.
61
Calculate the remainder when 845 is divided by 552.
293
Calculate the remainder when 775637 is divided by 738.
737
Calculate the remainder when 57472 is divided by 13.
12
What is the remainder when 6349 is divided by 1585?
9
Calculate the remainder when 267965 is divided by 225.
215
Calculate the remainder when 872 is divided by 443.
429
What is the remainder when 707 is divided by 698?
9
What is the remainder when 3887 is divided by 14?
9
Calculate the remainder when 2083723 is divided by 1225.
1223
Calculate the remainder when 45367 is divided by 101.
18
Calculate the remainder when 3444 is divided by 158.
126
What is the remainder when 1097318 is divided by 19?
11
What is the remainder when 3046093 is divided by 61?
58
Calculate the remainder when 1756277 is divided by 20.
17
What is the remainder when 75877 is divided by 271?
268
Calculate the remainder when 469718 is divided by 7.
4
What is the remainder when 31108 is divided by 1726?
40
Calculate the remainder when 15423 is divided by 1521.
213
What is the remainder when 216626 is divided by 16?
2
Calculate the remainder when 40879 is divided by 81.
55
What is the remainder when 260544 is divided by 3?
0
What is the remainder when 19217 is divided by 6405?
2
Calculate the remainder when 53700 is divided by 321.
93
What is the remainder when 284 is divided by 189?
95
What is the remainder when 35065 is divided by 27?
19
Calculate the remainder when 69364 is divided by 69149.
215
What is the remainder when 572 is divided by 431?
141
Calculate the remainder when 1760 is divided by 377.
252
Calculate the remainder when 33784 is divided by 299.
296
Calculate the remainder when 27923 is divided by 14.
7
What is the remainder when 70047 is divided by 14?
5
What is the remainder when 63243 is divided by 3011?
12
Calculate the remainder when 7274 is divided by 30.
14
What is the remainder when 1326 is divided by 1014?
312
What is the remainder when 432185 is divided by 54019?
33
Calculate the remainder when 316 is divided by 64.
60
What is the remainder when 487313 is divided by 65?
8
What is the remainder when 122048 is divided by 836?
828
What is the remainder when 14511 is divided by 177?
174
What is the remainder when 49368 is divided by 1123?
1079
What is the remainder when 231934 is divided by 1154?
1134
What is the remainder when 13751 is divided by 2739?
56
Calculate the remainder when 8141 is divided by 181.
177
Calculate the remainder when 2792 is divided by 395.
27
Calculate the remainder when 9825 is divided by 44.
13
Calculate the remainder when 373319 is divided by 68.
67
What is the remainder when 8263 is divided by 15?
13
Calculate the remainder when 8210 is divided by 187.
169
What is the remainder when 5333 is divided by 473?
130
Calculate the remainder when 1967 is divided by 17.
12
What is the remainder when 139 is divided by 69?
1
What is the remainder when 38182 is divided by 1159?
1094
What is the remainder when 35787 is divided by 421?
2
What is the remainder when 621412 is divided by 173?
169
What is the remainder when 1791 is divided by 321?
186
What is the remainder when 80330 is divided by 235?
195
Calculate the remainder when 41797 is divided by 31.
9
Calculate the remainder when 27801 is divided by 29.
19
What is the remainder when 5464 is divided by 2723?
18
What is the remainder when 5790 is divided by 1337?
442
What is the remainder when 365634 is divided by 35?
24
What is the remainder when 9471 is divided by 2786?
1113
What is the remainder when 10340 is divided by 272?
4
Calculate the remainder when 3001 is divided by 25.
1
What is the remainder when 810 is divided by 128?
42
What is the remainder when 1929 is divided by 1235?
694
What is the remainder when 15185 is divided by 254?
199
What is the remainder when 26638 is divided by 697?
152
What is the remainder when 204191 is divided by 82?
11
Calculate the remainder when 1564284 is divided by 11.
7
What is the remainder when 89854 is divided by 218?
38
What is the remainder when 3790 is divided by 49?
17
Calculate the remainder when 32270 is divided by 30.
20
Calculate the remainder when 917 is divided by 651.
266
Calculate the remainder when 113999 is divided by 60.
59
Calculate the remainder when 5320 is divided by 679.
567
What is the remainder when 97560 is divided by 4877?
20
Calculate the remainder when 1253 is divided by 242.
43
Calculate the remainder when 3974 is divided by 994.
992
What is the remainder when 2741 is divided by 15?
11
Calculate the remainder when 27009 is divided by 345.
99
What is the remainder when 75742 is divided by 31?
9
What is the remainder when 2859 is divided by 32?
11
What is the remainder when 1094 is divided by 93?
71
What is the remainder when 301 is divided by 268?
33
What is the remainder when 9434 is divided by 9029?
405
What is the remainder when 50791 is divided by 306?
301
What is the remainder when 148653 is divided by 456?
453
What is the remainder when 5221 is divided by 169?
151
What is the remainder when 9181 is divided by 274?
139
What is the remainder when 1047734 is divided by 81?
80
What is the remainder when 3022435 is divided by 29?
26
Calculate the remainder when 32183 is divided by 108.
107
Calculate the remainder when 96532 is divided by 21.
16
What is the remainder when 11886 is divided by 16?
14
Calculate the remainder when 1036 is divided by 508.
20
What is the remainder when 26200 is divided by 879?
709
Calculate the remainder when 40228 is divided by 42.
34
What is the remainder when 20049 is divided by 142?
27
What is the remainder when 39722 is divided by 1241?
10
What is the remainder when 35926 is divided by 219?
10
Calculate the remainder when 40323 is divided by 4028.
43
What is the remainder when 36863 is divided by 29?
4
What is the remainder when 4303 is divided by 4057?
246
Calculate the remainder when 11607 is divided by 51.
30
Calculate the remainder when 496582 is divided by 198.
196
Calculate the remainder when 273155 is divided by 599.
11
What is the remainder when 11617 is divided by 829?
11
What is the remainder when 8150 is divided by 2461?
767
Calculate the remainder when 96252 is divided by 512.
508
What is the remainder when 1354601 is divided by 362?
359
Calculate the remainder when 211829 is divided by 1668.
1661
What is the remainder when 23643 is divided by 32?
27
What is the remainder when 11070 is divided by 247?
202
Calculate the remainder when 35311 is divided by 35239.
72
What is the remainder when 64880 is divided by 1852?
60
Calculate the remainder when 27145 is divided by 10.
5
Calculate the remainder when 41924 is divided by 229.
17
What is the remainder when 775904 is divided by 126?
122
What is the remainder when 19407 is divided by 3880?
7
What is the remainder when 18114 is divided by 5914?
372
What is the remain